en thousands digit of r?
1
Let x = 32633 + -15750. What is the hundreds digit of x?
8
Let l = -229 + 219. Let r(h) = 12*h**2 + h + 72. What is the hundreds digit of r(l)?
2
Let z be 1/(75/(-5) + 14). Suppose 14 = q + 1. What is the units digit of (-1 + -7)/(z*2/q)?
2
Let a(h) = h**3 + 24*h**2 - 59*h + 61. Let y(f) = -22*f - 136. Let q be y(-5). What is the tens digit of a(q)?
4
What is the ten thousands digit of 7024432/328 + 140/2870?
2
Suppose 15*j - 71966 = 11*j + 5*v, 0 = 12*j + 2*v - 215864. What is the units digit of j?
9
Suppose 23 = 4*s + 11. Suppose -s*w = 2*w - 75. Suppose 670 = 3*p + 4*l, 0*l + 3*l = -w. What is the units digit of p?
0
Suppose i = 19*i - 5670. Let s = i + -244. What is the tens digit of s?
7
Let b = 252 + -249. Suppose b*z - 597 - 660 = 0. What is the tens digit of z?
1
Let w = 28956 - 17454. Suppose -w - 5523 = -15*c. What is the hundreds digit of c?
1
Let z be (39/26)/((-1)/(-26)). Let l = z + -93. Let i = l - -109. What is the tens digit of i?
5
Let z = -815 - -1177. Suppose -3*y - 3*k + 1071 = -0*y, y = 4*k + z. What is the units digit of y?
8
Suppose -3*n + 53317 = 15*k - 4*k, -2*k - 4*n + 9694 = 0. What is the thousands digit of k?
4
Let s = 145 + -155. What is the hundreds digit of 5645/11 - s/(-55)?
5
Suppose 6*w + 3*w = -2*w + 116996. What is the units digit of w?
6
Let b = 40416 - 27769. What is the hundreds digit of b?
6
Suppose 0 = -3*r + 5*a + 177, 2*r - 5*r - 3*a + 201 = 0. Let p be 15/((108/r)/(-9)). Let s = 85 + p. What is the units digit of s?
5
Let c be (-5)/(10/648)*-1. Let w = 241 - 241. Suppose w = 4*l + 2*l - c. What is the units digit of l?
4
Suppose t + 49625 = -5*h + 317719, 5*h - 3*t - 268058 = 0. What is the ten thousands digit of h?
5
Let l be 2/(-16)*-2 + (-92)/(-16). Suppose 8*x = -t + l*x + 52, 0 = 4*x + 20. What is the tens digit of t?
6
Let c be (-2520)/(-54)*(-138)/5. Let h = c - -1994. What is the hundreds digit of h?
7
Let n(a) = -2674*a**3 - 8*a**2 + 8. What is the thousands digit of n(-1)?
2
What is the thousands digit of (1137/(-4))/(5/30 - 1727/9768)?
8
Let y(n) = -175*n + 146. Let s(r) = 87*r - 73. Let w(d) = -5*s(d) - 2*y(d). Let p(g) = -21*g + 18. Let i(o) = 9*p(o) - 2*w(o). What is the units digit of i(-7)?
9
Let a(r) = 51*r**2 - 4*r - 5. Let q = 19 + -22. Let c be a(q). Suppose -b - 4*x = -5*x - 225, -c = -2*b - 2*x. What is the hundreds digit of b?
2
What is the hundreds digit of -5*(12 + 12066/(-5))?
0
Let v(h) = h**3 + 20*h**2 + 21*h - 6. Let c be v(-15). Suppose 0 = -s + 2*p + c, 3*s - 41*p = -40*p + 2387. What is the hundreds digit of s?
7
Let v(n) = -n**3 + 30*n**2 + 91*n - 9. What is the units digit of v(21)?
1
Let q = 358 + 1142. Let x = q + -593. What is the tens digit of x?
0
Suppose -l = -2*n - 14448, -3*n + 26480 = 2*l - 2360. What is the tens digit of l?
3
Let n(d) = 1076*d + 1101. What is the units digit of n(12)?
3
Let k = -240 + 251. Suppose -2464 - 3696 = -k*p. What is the tens digit of p?
6
Let f(k) = 203*k + 112. Let w(m) = -305*m - 168. Let a(x) = -8*f(x) - 5*w(x). What is the units digit of a(-6)?
8
Let q = 428 - 439. Let r(a) = 4*a**2 + 22*a + 149. What is the tens digit of r(q)?
9
Let g(x) = -x**3 - 7*x**2 - 15*x - 17. Let q = -7 - -2. Let c be g(q). Suppose 1471 = c*b + 319. What is the hundreds digit of b?
1
Let w be ((-175)/(-70))/(10/48). Suppose 1009 + 563 = w*y. What is the units digit of y?
1
Suppose 4*g - 2*p - 3*p - 25 = 0, -g - 2*p + 16 = 0. Let u be ((-3)/(-2))/(5/g) - -276. Suppose u = -5*i + 934. What is the tens digit of i?
3
Let u(p) = -p**3 - 11*p**2 + 2. Let m be u(-11). Suppose m*l + 110 = 13*l. Suppose -11*f + l*f + 227 = 0. What is the hundreds digit of f?
2
Let s = 7989 - 4538. What is the units digit of s?
1
Let p = 270 + -189. Suppose p = -11*v + 14*v. Let h(x) = 7*x - 19. What is the units digit of h(v)?
0
Let c = -97 - -105. Suppose -4 = -c*b + 4*b, -4*h = -3*b - 245. What is the units digit of h?
2
Suppose 2*j - 3*i + 19 = 5, 22 = -3*j + 5*i. Let o(s) = -3*s + 2. Let h be o(j). What is the tens digit of h/(-28) + (-430)/(-4)?
0
Let i(p) = -4*p**3 - 5*p**2 - 6*p - 4. Let q be i(-3). Suppose -4*l + 73 = q. What is the tens digit of (l/(-2))/((-2)/(-132))?
3
Let g = 7771 + -4553. What is the thousands digit of g?
3
Suppose 3*c - 19608 = -3*h + 5*h, 0 = 3*c + 2*h - 19596. Suppose 11*l - c = 10153. What is the hundreds digit of l?
5
Suppose 3*k + 3 = 2*u - 2, 0 = 3*k - 15. Suppose -u*m + 11*m = 39. What is the units digit of m?
9
Let s(l) be the first derivative of -5*l**4/2 + 7*l**3/3 + 7*l**2/2 + 28*l - 235. What is the thousands digit of s(-5)?
1
Let p(q) = 3*q**3 - 4*q**2 - 4*q - 1. Let t be p(-1). Suppose 6*w + 53 + 229 = 0. Let b = t - w. What is the tens digit of b?
4
Let a(u) = 12*u + 35. Let k(l) = -l**3 + l**2 + 23*l + 73. Let v(j) = -7*a(j) + 4*k(j). What is the thousands digit of v(-6)?
1
Let p(z) = 1923*z**2 - 29*z - 53. What is the hundreds digit of p(-2)?
6
Suppose -174919 = -4*x - j, 33*x + 174929 = 37*x - j. What is the ten thousands digit of x?
4
Suppose 0 = -2*j - 375 - 77. Let d = j - -270. What is the units digit of d?
4
Let s = -719 + 701. Let z(a) = -105*a - 110. What is the units digit of z(s)?
0
Suppose -13*m + 4226 = -1832. Let q = m + -137. What is the hundreds digit of q?
3
Let o(m) = -4*m**3 + 0*m**2 + 4 - 6*m + 2*m + m**2 + 0*m**2. Let d be o(2). Let z = 6 - d. What is the units digit of z?
8
Let p be (4/6)/((-8)/(-12)). Let w be (p/(-2) - 552/(-16))*-1. Let z = w - -210. What is the units digit of z?
6
Suppose 1 = t - 2*y, -17 = 3*t + 4*y - 40. Suppose 4*o - 58 = 734. Suppose 7*q = t*q - 3*p + 397, -q + o = p. What is the hundreds digit of q?
1
Let b(l) = -l**2 + 16*l - 19. Let i be b(14). What is the tens digit of 2 + 2*2151/i?
8
Let h be 2/3 + (-345)/(-9). Let q be 2/((-8)/6)*4150/249. Let c = h - q. What is the units digit of c?
4
Let l(z) = -15*z - 10*z**2 + 79 - 11*z**2 + 40*z**2. What is the hundreds digit of l(5)?
4
Let b = 91 + -90. What is the hundreds digit of -9*b*(-3570)/45?
7
Let m(h) = 39*h**3 - 12*h**2 + 90*h + 16. What is the thousands digit of m(7)?
3
Let r = 80503 - 47005. What is the thousands digit of r?
3
Let a be -2 + (796 - -3 - (-6)/2). Let d = a - 368. Suppose -5*h + 429 = -l, -4*h - h - 2*l + d = 0. What is the units digit of h?
6
Let i(q) = -7978*q - 1992. What is the tens digit of i(-8)?
3
Let f(b) = -26*b**2 + 27*b + 21. Let v(r) = -14*r**2 + 13*r + 11. Let x(u) = 4*f(u) - 9*v(u). What is the hundreds digit of x(-4)?
3
Suppose 8 = -b - 2*j, -4*b + 33 - 39 = -5*j. What is the hundreds digit of -4 - (1384/b)/(7/28)?
3
Let y(n) = -n - 11. Let j(f) = -1. Let d(p) = 6*j(p) - y(p). Let t be 7 + 0 + (-4 - -6). What is the units digit of d(t)?
4
What is the hundreds digit of (-4)/(-11) + (-7715376)/(-792)?
7
Let v(x) = 13*x**3 - 76*x**2 - 21*x + 449. What is the tens digit of v(16)?
0
Let i = 224 + 11468. What is the units digit of i?
2
Let v = -28 - -33. Suppose 0 = 3*k - v*t - 147 - 7, -k + 52 = -t. Let o = 39 + k. What is the units digit of o?
2
Let i be (-729)/(-135) - ((-12)/(-10))/3. Let u(t) = 2 - 7 - 3 + 13*t + i*t. What is the tens digit of u(4)?
6
Suppose -162*w - 674400 = -174*w. What is the thousands digit of w?
6
Let h = -1285 + 2450. Suppose -3*r + 3528 = 5*j - j, h = r + 5*j. What is the tens digit of r?
8
Suppose q + q + 17 = n, -n = 5*q + 32. What is the tens digit of (159/(-15))/(q/35)?
5
Let n = 241 - 238. Let t(q) = 89*q + 48. What is the hundreds digit of t(n)?
3
Suppose 9756 + 169724 = 4*b + 4*v, 0 = -3*b + 5*v + 134626. What is the thousands digit of b?
4
Let d be (-2)/(2 + -1) - 24/(-1). Suppose d*h - 20*h = -192. What is the units digit of h/(-15) + (4/(-10))/1?
6
Let w = -589 - -1050. Suppose 0 = 5*z - 679 - w. What is the hundreds digit of z?
2
Let u = -2490 - -28202. What is the thousands digit of u?
5
Suppose -5*y = -5*d - 97365, 0 = 4*d - 65 + 41. What is the hundreds digit of y?
4
Let z(j) = 33*j**2 + 34*j - 336. What is the thousands digit of z(27)?
4
What is the tens digit of 3157 - (10/(-25) + (-12)/(-5))?
5
Suppose 4*k - 38135 = 3*s, 363*k = 358*k - s + 47683. What is the tens digit of k?
3
What is the tens digit of 27774/(-10 + 19) + 3?
8
Suppose 0 = -52*r - 42*r + 2504724. What is the ten thousands digit of r?
2
Let w(c) = 2*c**2 - 12*c